{"version":"1.0","provider_name":"Aus Mainz.","provider_url":"https:\/\/www.doppelklicker.de\/blog","author_name":"Iris Martin","author_url":"https:\/\/www.doppelklicker.de\/blog\/author\/iris-martin\/","title":"Einladung zur Feier: Famila er\u00f6ffnet neuen Standort in Zeven","type":"rich","width":600,"height":338,"html":"<blockquote class=\"wp-embedded-content\"><a href=\"https:\/\/www.doppelklicker.de\/blog\/famila-zeven-eroeffnung\/\">Einladung zur Feier: Famila er\u00f6ffnet neuen Standort in Zeven<\/a><\/blockquote>\n<script type='text\/javascript'>\n<!--\/\/--><![CDATA[\/\/><!--\n\t\t\/*! This file is auto-generated *\/\n\t\t!function(c,d){\"use strict\";var e=!1,n=!1;if(d.querySelector)if(c.addEventListener)e=!0;if(c.wp=c.wp||{},!c.wp.receiveEmbedMessage)if(c.wp.receiveEmbedMessage=function(e){var t=e.data;if(t)if(t.secret||t.message||t.value)if(!\/[^a-zA-Z0-9]\/.test(t.secret)){for(var r,a,i,s=d.querySelectorAll('iframe[data-secret=\"'+t.secret+'\"]'),n=d.querySelectorAll('blockquote[data-secret=\"'+t.secret+'\"]'),o=0;o<n.length;o++)n[o].style.display=\"none\";for(o=0;o<s.length;o++)if(r=s[o],e.source===r.contentWindow){if(r.removeAttribute(\"style\"),\"height\"===t.message){if(1e3<(i=parseInt(t.value,10)))i=1e3;else if(~~i<200)i=200;r.height=i}if(\"link\"===t.message)if(a=d.createElement(\"a\"),i=d.createElement(\"a\"),a.href=r.getAttribute(\"src\"),i.href=t.value,i.host===a.host)if(d.activeElement===r)c.top.location.href=t.value}}},e)c.addEventListener(\"message\",c.wp.receiveEmbedMessage,!1),d.addEventListener(\"DOMContentLoaded\",t,!1),c.addEventListener(\"load\",t,!1);function t(){if(!n){n=!0;for(var e,t,r=-1!==navigator.appVersion.indexOf(\"MSIE 10\"),a=!!navigator.userAgent.match(\/Trident.*rv:11\\.\/),i=d.querySelectorAll(\"iframe.wp-embedded-content\"),s=0;s<i.length;s++){if(!(e=i[s]).getAttribute(\"data-secret\"))t=Math.random().toString(36).substr(2,10),e.src+=\"#?secret=\"+t,e.setAttribute(\"data-secret\",t);if(r||a)(t=e.cloneNode(!0)).removeAttribute(\"security\"),e.parentNode.replaceChild(t,e)}}}}(window,document);\n\/\/--><!]]>\n<\/script><iframe sandbox=\"allow-scripts\" security=\"restricted\" src=\"https:\/\/www.doppelklicker.de\/blog\/famila-zeven-eroeffnung\/embed\/\" width=\"600\" height=\"338\" title=\"&#8222;Einladung zur Feier: Famila er\u00f6ffnet neuen Standort in Zeven&#8220; &#8212; Aus Mainz.\" frameborder=\"0\" marginwidth=\"0\" marginheight=\"0\" scrolling=\"no\" class=\"wp-embedded-content\"><\/iframe>","thumbnail_url":"https:\/\/www.doppelklicker.de\/blog\/wp-content\/uploads\/2023\/06\/grosse-feier-zeven-famila-eroeffnet-neuen-standort-6827.jpg","thumbnail_width":700,"thumbnail_height":335,"description":"Am 15. Mai wird die Neuer\u00f6ffnung des famila-Verbrauchermarkts in Zeven mit gro\u00dfer Freude erwartet. W\u00e4hrend der zweiw\u00f6chigen Schlie\u00dfungsphase wurde intensiv daran gearbeitet, den Kunden ein herausragendes Einkaufserlebnis zu bieten. Auf einer gro\u00dfz\u00fcgigen Verkaufsfl\u00e4che von \u00fcber 2800 Quadratmetern pr\u00e4sentiert sich der Markt mit einem Fokus auf Regionalit\u00e4t, Vielfalt, attraktiven Angeboten und kompetenter Beratung. Die breiten G\u00e4ngeJetzt alles lesen"}

Einladung zur Feier: Famila eröffnet neuen Standort in Zeven

<blockquote class="wp-embedded-content"><a href="https://www.doppelklicker.de/blog/famila-zeven-eroeffnung/">Einladung zur Feier: Famila eröffnet neuen Standort in Zeven</a></blockquote>
<script type='text/javascript'>
<!--//--><![CDATA[//><!--
		/*! This file is auto-generated */
		!function(c,d){"use strict";var e=!1,n=!1;if(d.querySelector)if(c.addEventListener)e=!0;if(c.wp=c.wp||{},!c.wp.receiveEmbedMessage)if(c.wp.receiveEmbedMessage=function(e){var t=e.data;if(t)if(t.secret||t.message||t.value)if(!/[^a-zA-Z0-9]/.test(t.secret)){for(var r,a,i,s=d.querySelectorAll('iframe[data-secret="'+t.secret+'"]'),n=d.querySelectorAll('blockquote[data-secret="'+t.secret+'"]'),o=0;o<n.length;o++)n[o].style.display="none";for(o=0;o<s.length;o++)if(r=s[o],e.source===r.contentWindow){if(r.removeAttribute("style"),"height"===t.message){if(1e3<(i=parseInt(t.value,10)))i=1e3;else if(~~i<200)i=200;r.height=i}if("link"===t.message)if(a=d.createElement("a"),i=d.createElement("a"),a.href=r.getAttribute("src"),i.href=t.value,i.host===a.host)if(d.activeElement===r)c.top.location.href=t.value}}},e)c.addEventListener("message",c.wp.receiveEmbedMessage,!1),d.addEventListener("DOMContentLoaded",t,!1),c.addEventListener("load",t,!1);function t(){if(!n){n=!0;for(var e,t,r=-1!==navigator.appVersion.indexOf("MSIE 10"),a=!!navigator.userAgent.match(/Trident.*rv:11\./),i=d.querySelectorAll("iframe.wp-embedded-content"),s=0;s<i.length;s++){if(!(e=i[s]).getAttribute("data-secret"))t=Math.random().toString(36).substr(2,10),e.src+="#?secret="+t,e.setAttribute("data-secret",t);if(r||a)(t=e.cloneNode(!0)).removeAttribute("security"),e.parentNode.replaceChild(t,e)}}}}(window,document);
//--><!]]>
</script><iframe sandbox="allow-scripts" security="restricted" src="https://www.doppelklicker.de/blog/famila-zeven-eroeffnung/embed/" width="600" height="338" title="&#8222;Einladung zur Feier: Famila eröffnet neuen Standort in Zeven&#8220; &#8212; Aus Mainz." frameborder="0" marginwidth="0" marginheight="0" scrolling="no" class="wp-embedded-content"></iframe>

Am 15. Mai wird die Neueröffnung des famila-Verbrauchermarkts in Zeven mit großer Freude erwartet. Während der zweiwöchigen Schließungsphase wurde intensiv daran gearbeitet, den Kunden ein herausragendes Einkaufserlebnis zu bieten. Auf einer großzügigen Verkaufsfläche von über 2800 Quadratmetern präsentiert sich der Markt mit einem Fokus auf Regionalität, Vielfalt, attraktiven Angeboten und kompetenter Beratung. Die breiten GängeJetzt alles lesen
