{"version":"1.0","provider_name":"Aus Mainz.","provider_url":"https:\/\/www.doppelklicker.de\/blog","author_name":"Iris Martin","author_url":"https:\/\/www.doppelklicker.de\/blog\/author\/iris-martin\/","title":"Weinfest Auftakt auf Theodor-Heuss-Platz vom 4. bis 6. September","type":"rich","width":600,"height":338,"html":"<blockquote class=\"wp-embedded-content\"><a href=\"https:\/\/www.doppelklicker.de\/blog\/weinfest-theodor-heuss-platz-bremerhaven-lokal-erleben\/\">Weinfest Auftakt auf Theodor-Heuss-Platz vom 4. bis 6. September<\/a><\/blockquote>\n<script type='text\/javascript'>\n<!--\/\/--><![CDATA[\/\/><!--\n\t\t\/*! This file is auto-generated *\/\n\t\t!function(c,d){\"use strict\";var e=!1,n=!1;if(d.querySelector)if(c.addEventListener)e=!0;if(c.wp=c.wp||{},!c.wp.receiveEmbedMessage)if(c.wp.receiveEmbedMessage=function(e){var t=e.data;if(t)if(t.secret||t.message||t.value)if(!\/[^a-zA-Z0-9]\/.test(t.secret)){for(var r,a,i,s=d.querySelectorAll('iframe[data-secret=\"'+t.secret+'\"]'),n=d.querySelectorAll('blockquote[data-secret=\"'+t.secret+'\"]'),o=0;o<n.length;o++)n[o].style.display=\"none\";for(o=0;o<s.length;o++)if(r=s[o],e.source===r.contentWindow){if(r.removeAttribute(\"style\"),\"height\"===t.message){if(1e3<(i=parseInt(t.value,10)))i=1e3;else if(~~i<200)i=200;r.height=i}if(\"link\"===t.message)if(a=d.createElement(\"a\"),i=d.createElement(\"a\"),a.href=r.getAttribute(\"src\"),i.href=t.value,i.host===a.host)if(d.activeElement===r)c.top.location.href=t.value}}},e)c.addEventListener(\"message\",c.wp.receiveEmbedMessage,!1),d.addEventListener(\"DOMContentLoaded\",t,!1),c.addEventListener(\"load\",t,!1);function t(){if(!n){n=!0;for(var e,t,r=-1!==navigator.appVersion.indexOf(\"MSIE 10\"),a=!!navigator.userAgent.match(\/Trident.*rv:11\\.\/),i=d.querySelectorAll(\"iframe.wp-embedded-content\"),s=0;s<i.length;s++){if(!(e=i[s]).getAttribute(\"data-secret\"))t=Math.random().toString(36).substr(2,10),e.src+=\"#?secret=\"+t,e.setAttribute(\"data-secret\",t);if(r||a)(t=e.cloneNode(!0)).removeAttribute(\"security\"),e.parentNode.replaceChild(t,e)}}}}(window,document);\n\/\/--><!]]>\n<\/script><iframe sandbox=\"allow-scripts\" security=\"restricted\" src=\"https:\/\/www.doppelklicker.de\/blog\/weinfest-theodor-heuss-platz-bremerhaven-lokal-erleben\/embed\/\" width=\"600\" height=\"338\" title=\"&#8222;Weinfest Auftakt auf Theodor-Heuss-Platz vom 4. bis 6. September&#8220; &#8212; Aus Mainz.\" frameborder=\"0\" marginwidth=\"0\" marginheight=\"0\" scrolling=\"no\" class=\"wp-embedded-content\"><\/iframe>","thumbnail_url":"https:\/\/www.doppelklicker.de\/blog\/wp-content\/uploads\/2026\/09\/bremerhaven-lokal-erleben-einzelhaendler-und-gastronomen-starten-zehntaegiges.jpg","thumbnail_width":600,"thumbnail_height":288,"description":"Zwischen dem 4. und 13. September veranstalten H\u00e4ndler, Gastronomen und lokale Produzenten in Bremerhaven eine erlebnisorientierte Kampagne, die Kunden zu sieben Quartieren f\u00fchrt. Den Startschuss gibt ein Weinfest auf dem Theodor-Heuss-Platz mit degustationsorientierten Angeboten von Karl Lorenzen Weine &#038; Spirituosen. Fast sechzig teilnehmende Betriebe bieten Aktionskarten f\u00fcr ein erg\u00e4nzendes Gewinnspiel sowie exklusive Rabatte, pers\u00f6nliche FachberatungJetzt alles lesen"}

Zwischen dem 4. und 13. September veranstalten Händler, Gastronomen und lokale Produzenten in Bremerhaven eine erlebnisorientierte Kampagne, die Kunden zu sieben Quartieren führt. Den Startschuss gibt ein Weinfest auf dem Theodor-Heuss-Platz mit degustationsorientierten Angeboten von Karl Lorenzen Weine &#038; Spirituosen. Fast sechzig teilnehmende Betriebe bieten Aktionskarten für ein ergänzendes Gewinnspiel sowie exklusive Rabatte, persönliche FachberatungJetzt alles lesen
