{"version":"1.0","provider_name":"Aus Mainz.","provider_url":"https:\/\/www.doppelklicker.de\/blog","author_name":"Iris Martin","author_url":"https:\/\/www.doppelklicker.de\/blog\/author\/iris-martin\/","title":"Lidl und Kaufland senken Plastikeinsatz deutlich","type":"rich","width":600,"height":338,"html":"<blockquote class=\"wp-embedded-content\"><a href=\"https:\/\/www.doppelklicker.de\/blog\/weniger-plastik-eigenmarkenverpackungen-schwarz-gruppe\/\">Lidl und Kaufland senken Plastikeinsatz deutlich<\/a><\/blockquote>\n<script type='text\/javascript'>\n<!--\/\/--><![CDATA[\/\/><!--\n\t\t\/*! This file is auto-generated *\/\n\t\t!function(c,d){\"use strict\";var e=!1,n=!1;if(d.querySelector)if(c.addEventListener)e=!0;if(c.wp=c.wp||{},!c.wp.receiveEmbedMessage)if(c.wp.receiveEmbedMessage=function(e){var t=e.data;if(t)if(t.secret||t.message||t.value)if(!\/[^a-zA-Z0-9]\/.test(t.secret)){for(var r,a,i,s=d.querySelectorAll('iframe[data-secret=\"'+t.secret+'\"]'),n=d.querySelectorAll('blockquote[data-secret=\"'+t.secret+'\"]'),o=0;o<n.length;o++)n[o].style.display=\"none\";for(o=0;o<s.length;o++)if(r=s[o],e.source===r.contentWindow){if(r.removeAttribute(\"style\"),\"height\"===t.message){if(1e3<(i=parseInt(t.value,10)))i=1e3;else if(~~i<200)i=200;r.height=i}if(\"link\"===t.message)if(a=d.createElement(\"a\"),i=d.createElement(\"a\"),a.href=r.getAttribute(\"src\"),i.href=t.value,i.host===a.host)if(d.activeElement===r)c.top.location.href=t.value}}},e)c.addEventListener(\"message\",c.wp.receiveEmbedMessage,!1),d.addEventListener(\"DOMContentLoaded\",t,!1),c.addEventListener(\"load\",t,!1);function t(){if(!n){n=!0;for(var e,t,r=-1!==navigator.appVersion.indexOf(\"MSIE 10\"),a=!!navigator.userAgent.match(\/Trident.*rv:11\\.\/),i=d.querySelectorAll(\"iframe.wp-embedded-content\"),s=0;s<i.length;s++){if(!(e=i[s]).getAttribute(\"data-secret\"))t=Math.random().toString(36).substr(2,10),e.src+=\"#?secret=\"+t,e.setAttribute(\"data-secret\",t);if(r||a)(t=e.cloneNode(!0)).removeAttribute(\"security\"),e.parentNode.replaceChild(t,e)}}}}(window,document);\n\/\/--><!]]>\n<\/script><iframe sandbox=\"allow-scripts\" security=\"restricted\" src=\"https:\/\/www.doppelklicker.de\/blog\/weniger-plastik-eigenmarkenverpackungen-schwarz-gruppe\/embed\/\" width=\"600\" height=\"338\" title=\"&#8222;Lidl und Kaufland senken Plastikeinsatz deutlich&#8220; &#8212; Aus Mainz.\" frameborder=\"0\" marginwidth=\"0\" marginheight=\"0\" scrolling=\"no\" class=\"wp-embedded-content\"><\/iframe>","thumbnail_url":"https:\/\/www.doppelklicker.de\/blog\/wp-content\/uploads\/2023\/10\/schwarz-gruppe-setzt-ambitionierte-ziele-10128.jpg","thumbnail_width":1280,"thumbnail_height":615,"description":"Die Unternehmen der Schwarz Gruppe, zu denen Lidl und Kaufland geh\u00f6ren, sind entschlossen, ihren Beitrag zur Reduzierung von Plastikabf\u00e4llen zu leisten. Dank ihrer l\u00e4nder\u00fcbergreifenden Zusammenarbeit und der Implementierung verschiedener Ma\u00dfnahmen machen sie gro\u00dfe Fortschritte bei der Umsetzung ihrer gemeinsamen Plastikstrategie REset Plastic. Das urspr\u00fcngliche Ziel, bis 2025 den Plastikeinsatz um 20 Prozent zu reduzieren, wurdeJetzt alles lesen"}

Die Unternehmen der Schwarz Gruppe, zu denen Lidl und Kaufland gehören, sind entschlossen, ihren Beitrag zur Reduzierung von Plastikabfällen zu leisten. Dank ihrer länderübergreifenden Zusammenarbeit und der Implementierung verschiedener Maßnahmen machen sie große Fortschritte bei der Umsetzung ihrer gemeinsamen Plastikstrategie REset Plastic. Das ursprüngliche Ziel, bis 2025 den Plastikeinsatz um 20 Prozent zu reduzieren, wurdeJetzt alles lesen
